{"id":237,"date":"2025-04-21T18:50:55","date_gmt":"2025-04-21T18:50:55","guid":{"rendered":"https:\/\/sicaesa.com\/?page_id=237"},"modified":"2025-05-23T12:39:15","modified_gmt":"2025-05-23T12:39:15","slug":"nosotros","status":"publish","type":"page","link":"https:\/\/sicaesa.com\/index.php\/nosotros\/","title":{"rendered":"Nosotros"},"content":{"rendered":"\t\t<div data-elementor-type=\"wp-page\" data-elementor-id=\"237\" class=\"elementor elementor-237\">\n\t\t\t\t<div class=\"elementor-element elementor-element-2f1affa e-grid e-con-boxed e-con e-parent\" data-id=\"2f1affa\" data-element_type=\"container\">\n\t\t\t\t\t<div class=\"e-con-inner\">\n\t\t\t\t<div class=\"elementor-element elementor-element-3b05430 elementor-widget elementor-widget-heading\" data-id=\"3b05430\" data-element_type=\"widget\" data-widget_type=\"heading.default\">\n\t\t\t\t<div class=\"elementor-widget-container\">\n\t\t\t\t\t<h2 class=\"elementor-heading-title elementor-size-default\"><a href=\"#popmake-270\"><div style=\"text-align: center;\">\n  <div style=\"font-size: 100px; color: #ff6217; margin-bottom: 10px; padding: 10px;\">\n    <i class=\"fas fa-bullseye\"><\/i>\n  <\/div>\n  <span style=\"display: block; font-size: 40px; color: #ff6217;\">Misi\u00f3n<\/span>\n<\/div>\n<\/a><\/h2>\t\t\t\t<\/div>\n\t\t\t\t<\/div>\n\t\t\t\t<div class=\"elementor-element elementor-element-2299442 elementor-widget elementor-widget-heading\" data-id=\"2299442\" data-element_type=\"widget\" data-widget_type=\"heading.default\">\n\t\t\t\t<div class=\"elementor-widget-container\">\n\t\t\t\t\t<h2 class=\"elementor-heading-title elementor-size-default\"><a href=\"#historia\" style=\"text-decoration: none; color: inherit;\">\n  <div style=\"text-align: center;\">\n    <div style=\"font-size: 100px; color: #ff6217; margin-bottom: 10px; padding: 10px;\">\n      <i class=\"fas fa-history\"><\/i>\n    <\/div>\n    <span style=\"display: block; font-size: 40px; color: #ff6217;\">Historia<\/span>\n  <\/div>\n<\/a>\n\n<\/h2>\t\t\t\t<\/div>\n\t\t\t\t<\/div>\n\t\t\t\t<div class=\"elementor-element elementor-element-8ba5a25 elementor-widget elementor-widget-heading\" data-id=\"8ba5a25\" data-element_type=\"widget\" data-widget_type=\"heading.default\">\n\t\t\t\t<div class=\"elementor-widget-container\">\n\t\t\t\t\t<h2 class=\"elementor-heading-title elementor-size-default\"><a href=\"#popmake-297\"><div style=\"text-align: center;\">\n  <div style=\"font-size: 100px; color: #ff6217; margin-bottom: 10px; padding: 10px;\">\n    <i class=\"fas fa-eye\"><\/i>\n  <\/div>\n  <span style=\"display: block; font-size: 40px; color: #ff6217;\">Visi\u00f3n<\/span>\n<\/div>\n<\/a><\/h2>\t\t\t\t<\/div>\n\t\t\t\t<\/div>\n\t\t\t\t<div class=\"elementor-element elementor-element-b07caeb elementor-widget elementor-widget-heading\" data-id=\"b07caeb\" data-element_type=\"widget\" data-widget_type=\"heading.default\">\n\t\t\t\t<div class=\"elementor-widget-container\">\n\t\t\t\t\t<h2 class=\"elementor-heading-title elementor-size-default\"><div style=\"text-align: center;\">\n  <div style=\"font-size: 100px; color: #ff6217; margin-bottom: 10px; padding: 10px;\">\n    <i class=\"fas fa-users\"><\/i>\n  <\/div>\n  <a href=\"https:\/\/sicaesa.com\/index.php\/nuestro-staff\/\" style=\"text-decoration: none; color: #ff6217;\">\n    <span style=\"display: block; font-size: 40px; color: #ff6217;\">\n      Nuestro Staff\n    <\/span>\n  <\/a>\n<\/div>\n<\/h2>\t\t\t\t<\/div>\n\t\t\t\t<\/div>\n\t\t\t\t<div class=\"elementor-element elementor-element-9e2f225 elementor-widget elementor-widget-heading\" data-id=\"9e2f225\" data-element_type=\"widget\" data-widget_type=\"heading.default\">\n\t\t\t\t<div class=\"elementor-widget-container\">\n\t\t\t\t\t<h2 class=\"elementor-heading-title elementor-size-default\"><a href=\"#popmake-507\"><div style=\"text-align: center;\">\n  <div style=\"font-size: 80px; color: #ff6217; margin-bottom: 10px; padding: 10px;\">\n    <i class=\"fas fa-question-circle\"><\/i>\n  <\/div>\n  <span style=\"display: block; font-size: 40px; color: #ff6217;\">\n    \u00bfQui\u00e9nes Somos?\n  <\/span>\n<\/div>\n<\/a><\/h2>\t\t\t\t<\/div>\n\t\t\t\t<\/div>\n\t\t\t\t<div class=\"elementor-element elementor-element-3569fdc elementor-widget elementor-widget-heading\" data-id=\"3569fdc\" data-element_type=\"widget\" data-widget_type=\"heading.default\">\n\t\t\t\t<div class=\"elementor-widget-container\">\n\t\t\t\t\t<h2 class=\"elementor-heading-title elementor-size-default\"><a href=\"#popmake-513\"><div style=\"text-align: center;\">\n  <div style=\"font-size: 80px; color: #ff6217; margin-bottom: 10px; padding: 10px;\">\n    <i class=\"fas fa-balance-scale\"><\/i>\n  <\/div>\n  <span style=\"display: block; font-size: 40px; color: #ff6217;\">\n    Valores\n  <\/span>\n<\/div>\n<\/a><\/h2>\t\t\t\t<\/div>\n\t\t\t\t<\/div>\n\t\t\t\t\t<\/div>\n\t\t\t\t<\/div>\n\t\t<div class=\"elementor-element elementor-element-121d740 e-flex e-con-boxed e-con e-parent\" data-id=\"121d740\" data-element_type=\"container\">\n\t\t\t\t\t<div class=\"e-con-inner\">\n\t\t\t\t<div class=\"elementor-element elementor-element-b80b274 elementor-widget elementor-widget-text-editor\" data-id=\"b80b274\" data-element_type=\"widget\" data-widget_type=\"text-editor.default\">\n\t\t\t\t<div class=\"elementor-widget-container\">\n\t\t\t\t\t\t\t\t\t<!-- Asegurate de tener Roboto cargada en tu web, pod\u00e9s incluir esto en el <head><span data-mce-type=\"bookmark\" style=\"display: inline-block; width: 0px; overflow: hidden; line-height: 0;\" class=\"mce_SELRES_start\"><\/span><span data-mce-type=\"bookmark\" style=\"display: inline-block; width: 0px; overflow: hidden; line-height: 0;\" class=\"mce_SELRES_start\"><\/span><span data-mce-type=\"bookmark\" style=\"display: inline-block; width: 0px; overflow: hidden; line-height: 0;\" class=\"mce_SELRES_start\"><span data-mce-type=\"bookmark\" style=\"display: inline-block; width: 0px; overflow: hidden; line-height: 0;\" class=\"mce_SELRES_start\"><\/span><\/span><span data-mce-type=\"bookmark\" style=\"display: inline-block; width: 0px; overflow: hidden; line-height: 0;\" class=\"mce_SELRES_start\"><\/span> si no est\u00e1 -->\n<div id=\"historia\" style=\"font-family: 'Roboto', sans-serif; background: linear-gradient(to bottom, #ffffff, #f9f9f9); padding: 40px 30px; border-radius: 16px; box-shadow: 0 10px 30px rgba(0,0,0,0.08); max-width: 1000px; margin: auto; color: #333333; line-height: 1.8; font-size: 18px; text-align: justify;\">\n\n<strong style=\"font-size: 22px; color: #ff6217;\">Somos <span style=\"color: #000;\">SICAESA \u2013 Servicios Integrales Contables y Administrativos S.A.<\/span><\/strong>, una firma paraguaya con m\u00e1s de <strong>25 a\u00f1os de experiencia<\/strong> brindando soluciones en contabilidad, auditor\u00eda e inventario.\n\nEn el a\u00f1o <strong>1999<\/strong>, iniciamos nuestras actividades bajo el nombre de <strong>SICA Consultor\u00eda<\/strong>, enfocados en ofrecer servicios de alta calidad y compromiso. Desde entonces, nos propusimos un objetivo claro: <span style=\"color: #ff6217; font-weight: bold;\">acompa\u00f1ar a las empresas y personas f\u00edsicas<\/span> en el crecimiento ordenado, responsable y transparente de su gesti\u00f3n administrativa y financiera.\n\nNuestra empresa se especializa en consultor\u00eda integral para empresas del rubro comercial, industrial y de servicios. A lo largo de estos 25 a\u00f1os, nos hemos consolidado como un <span style=\"color: #4d4d4d; font-weight: 600;\">aliado estrat\u00e9gico<\/span> para empresas de diferentes sectores del mercado nacional.\n\nEn <strong>2012<\/strong>, nuestra evoluci\u00f3n se concret\u00f3 con la transformaci\u00f3n a <strong>SOCIEDAD AN\u00d3NIMA<\/strong>, seg\u00fan Escritura Notarial N\u00ba 394, p\u00e1gina 4611 del Registro P\u00fablico de Comercio, de fecha 23 de marzo de 2012.\n\nHoy, seguimos creciendo, adapt\u00e1ndonos a los cambios normativos, tecnol\u00f3gicos y econ\u00f3micos del pa\u00eds, con la firme convicci\u00f3n de que una <span style=\"color: #000;\">contabilidad clara<\/span> y una <span style=\"color: #000;\">auditor\u00eda seria<\/span> son pilares fundamentales para la toma de decisiones empresariales.\n<p style=\"font-weight: 600; font-size: 19px; color: #444;\">Hoy, despu\u00e9s de m\u00e1s de dos d\u00e9cadas de trayectoria, podemos decir con orgullo que <span style=\"color: #ff6217; font-weight: bold;\">somos parte de la evoluci\u00f3n de cientos de negocios en Paraguay<\/span>. Cada cliente que conf\u00eda en nosotros forma parte de esta historia construida con dedicaci\u00f3n, confianza y resultados.<\/p>\n\n<\/div>\t\t\t\t\t\t\t\t<\/div>\n\t\t\t\t<\/div>\n\t\t\t\t\t<\/div>\n\t\t\t\t<\/div>\n\t\t\t\t<\/div>\n\t\t","protected":false},"excerpt":{"rendered":"<p>Misi\u00f3n Historia Visi\u00f3n Nuestro Staff \u00bfQui\u00e9nes Somos? Valores Somos SICAESA \u2013 Servicios Integrales Contables y Administrativos S.A., una firma paraguaya [&hellip;]<\/p>\n","protected":false},"author":1,"featured_media":0,"parent":0,"menu_order":0,"comment_status":"closed","ping_status":"closed","template":"","meta":{"site-sidebar-layout":"default","site-content-layout":"","ast-site-content-layout":"","site-content-style":"default","site-sidebar-style":"default","ast-global-header-display":"","ast-banner-title-visibility":"","ast-main-header-display":"","ast-hfb-above-header-display":"","ast-hfb-below-header-display":"","ast-hfb-mobile-header-display":"","site-post-title":"disabled","ast-breadcrumbs-content":"","ast-featured-img":"","footer-sml-layout":"","theme-transparent-header-meta":"","adv-header-id-meta":"","stick-header-meta":"","header-above-stick-meta":"","header-main-stick-meta":"","header-below-stick-meta":"","astra-migrate-meta-layouts":"default","ast-page-background-enabled":"default","ast-page-background-meta":{"desktop":{"background-color":"var(--ast-global-color-5)","background-image":"","background-repeat":"repeat","background-position":"center center","background-size":"auto","background-attachment":"scroll","background-type":"","background-media":"","overlay-type":"","overlay-color":"","overlay-opacity":"","overlay-gradient":""},"tablet":{"background-color":"","background-image":"","background-repeat":"repeat","background-position":"center center","background-size":"auto","background-attachment":"scroll","background-type":"","background-media":"","overlay-type":"","overlay-color":"","overlay-opacity":"","overlay-gradient":""},"mobile":{"background-color":"","background-image":"","background-repeat":"repeat","background-position":"center center","background-size":"auto","background-attachment":"scroll","background-type":"","background-media":"","overlay-type":"","overlay-color":"","overlay-opacity":"","overlay-gradient":""}},"ast-content-background-meta":{"desktop":{"background-color":"var(--ast-global-color-4)","background-image":"","background-repeat":"repeat","background-position":"center center","background-size":"auto","background-attachment":"scroll","background-type":"","background-media":"","overlay-type":"","overlay-color":"","overlay-opacity":"","overlay-gradient":""},"tablet":{"background-color":"var(--ast-global-color-4)","background-image":"","background-repeat":"repeat","background-position":"center center","background-size":"auto","background-attachment":"scroll","background-type":"","background-media":"","overlay-type":"","overlay-color":"","overlay-opacity":"","overlay-gradient":""},"mobile":{"background-color":"var(--ast-global-color-4)","background-image":"","background-repeat":"repeat","background-position":"center center","background-size":"auto","background-attachment":"scroll","background-type":"","background-media":"","overlay-type":"","overlay-color":"","overlay-opacity":"","overlay-gradient":""}},"footnotes":""},"class_list":["post-237","page","type-page","status-publish","hentry"],"yoast_head":"<!-- This site is optimized with the Yoast SEO plugin v24.8.1 - https:\/\/yoast.com\/wordpress\/plugins\/seo\/ -->\n<title>Nosotros -<\/title>\n<meta name=\"robots\" content=\"index, follow, max-snippet:-1, max-image-preview:large, max-video-preview:-1\" \/>\n<link rel=\"canonical\" href=\"https:\/\/sicaesa.com\/index.php\/nosotros\/\" \/>\n<meta property=\"og:locale\" content=\"es_ES\" \/>\n<meta property=\"og:type\" content=\"article\" \/>\n<meta property=\"og:title\" content=\"Nosotros -\" \/>\n<meta property=\"og:description\" content=\"Misi\u00f3n Historia Visi\u00f3n Nuestro Staff \u00bfQui\u00e9nes Somos? Valores Somos SICAESA \u2013 Servicios Integrales Contables y Administrativos S.A., una firma paraguaya [&hellip;]\" \/>\n<meta property=\"og:url\" content=\"https:\/\/sicaesa.com\/index.php\/nosotros\/\" \/>\n<meta property=\"article:modified_time\" content=\"2025-05-23T12:39:15+00:00\" \/>\n<meta name=\"twitter:card\" content=\"summary_large_image\" \/>\n<meta name=\"twitter:label1\" content=\"Tiempo de lectura\" \/>\n\t<meta name=\"twitter:data1\" content=\"2 minutos\" \/>\n<script type=\"application\/ld+json\" class=\"yoast-schema-graph\">{\"@context\":\"https:\/\/schema.org\",\"@graph\":[{\"@type\":\"WebPage\",\"@id\":\"https:\/\/sicaesa.com\/index.php\/nosotros\/\",\"url\":\"https:\/\/sicaesa.com\/index.php\/nosotros\/\",\"name\":\"Nosotros -\",\"isPartOf\":{\"@id\":\"https:\/\/sicaesa.com\/#website\"},\"datePublished\":\"2025-04-21T18:50:55+00:00\",\"dateModified\":\"2025-05-23T12:39:15+00:00\",\"breadcrumb\":{\"@id\":\"https:\/\/sicaesa.com\/index.php\/nosotros\/#breadcrumb\"},\"inLanguage\":\"es\",\"potentialAction\":[{\"@type\":\"ReadAction\",\"target\":[\"https:\/\/sicaesa.com\/index.php\/nosotros\/\"]}]},{\"@type\":\"BreadcrumbList\",\"@id\":\"https:\/\/sicaesa.com\/index.php\/nosotros\/#breadcrumb\",\"itemListElement\":[{\"@type\":\"ListItem\",\"position\":1,\"name\":\"Portada\",\"item\":\"https:\/\/sicaesa.com\/\"},{\"@type\":\"ListItem\",\"position\":2,\"name\":\"Nosotros\"}]},{\"@type\":\"WebSite\",\"@id\":\"https:\/\/sicaesa.com\/#website\",\"url\":\"https:\/\/sicaesa.com\/\",\"name\":\"\",\"description\":\"\",\"potentialAction\":[{\"@type\":\"SearchAction\",\"target\":{\"@type\":\"EntryPoint\",\"urlTemplate\":\"https:\/\/sicaesa.com\/?s={search_term_string}\"},\"query-input\":{\"@type\":\"PropertyValueSpecification\",\"valueRequired\":true,\"valueName\":\"search_term_string\"}}],\"inLanguage\":\"es\"}]}<\/script>\n<!-- \/ Yoast SEO plugin. -->","yoast_head_json":{"title":"Nosotros -","robots":{"index":"index","follow":"follow","max-snippet":"max-snippet:-1","max-image-preview":"max-image-preview:large","max-video-preview":"max-video-preview:-1"},"canonical":"https:\/\/sicaesa.com\/index.php\/nosotros\/","og_locale":"es_ES","og_type":"article","og_title":"Nosotros -","og_description":"Misi\u00f3n Historia Visi\u00f3n Nuestro Staff \u00bfQui\u00e9nes Somos? Valores Somos SICAESA \u2013 Servicios Integrales Contables y Administrativos S.A., una firma paraguaya [&hellip;]","og_url":"https:\/\/sicaesa.com\/index.php\/nosotros\/","article_modified_time":"2025-05-23T12:39:15+00:00","twitter_card":"summary_large_image","twitter_misc":{"Tiempo de lectura":"2 minutos"},"schema":{"@context":"https:\/\/schema.org","@graph":[{"@type":"WebPage","@id":"https:\/\/sicaesa.com\/index.php\/nosotros\/","url":"https:\/\/sicaesa.com\/index.php\/nosotros\/","name":"Nosotros -","isPartOf":{"@id":"https:\/\/sicaesa.com\/#website"},"datePublished":"2025-04-21T18:50:55+00:00","dateModified":"2025-05-23T12:39:15+00:00","breadcrumb":{"@id":"https:\/\/sicaesa.com\/index.php\/nosotros\/#breadcrumb"},"inLanguage":"es","potentialAction":[{"@type":"ReadAction","target":["https:\/\/sicaesa.com\/index.php\/nosotros\/"]}]},{"@type":"BreadcrumbList","@id":"https:\/\/sicaesa.com\/index.php\/nosotros\/#breadcrumb","itemListElement":[{"@type":"ListItem","position":1,"name":"Portada","item":"https:\/\/sicaesa.com\/"},{"@type":"ListItem","position":2,"name":"Nosotros"}]},{"@type":"WebSite","@id":"https:\/\/sicaesa.com\/#website","url":"https:\/\/sicaesa.com\/","name":"","description":"","potentialAction":[{"@type":"SearchAction","target":{"@type":"EntryPoint","urlTemplate":"https:\/\/sicaesa.com\/?s={search_term_string}"},"query-input":{"@type":"PropertyValueSpecification","valueRequired":true,"valueName":"search_term_string"}}],"inLanguage":"es"}]}},"_links":{"self":[{"href":"https:\/\/sicaesa.com\/index.php\/wp-json\/wp\/v2\/pages\/237","targetHints":{"allow":["GET"]}}],"collection":[{"href":"https:\/\/sicaesa.com\/index.php\/wp-json\/wp\/v2\/pages"}],"about":[{"href":"https:\/\/sicaesa.com\/index.php\/wp-json\/wp\/v2\/types\/page"}],"author":[{"embeddable":true,"href":"https:\/\/sicaesa.com\/index.php\/wp-json\/wp\/v2\/users\/1"}],"replies":[{"embeddable":true,"href":"https:\/\/sicaesa.com\/index.php\/wp-json\/wp\/v2\/comments?post=237"}],"version-history":[{"count":134,"href":"https:\/\/sicaesa.com\/index.php\/wp-json\/wp\/v2\/pages\/237\/revisions"}],"predecessor-version":[{"id":767,"href":"https:\/\/sicaesa.com\/index.php\/wp-json\/wp\/v2\/pages\/237\/revisions\/767"}],"wp:attachment":[{"href":"https:\/\/sicaesa.com\/index.php\/wp-json\/wp\/v2\/media?parent=237"}],"curies":[{"name":"wp","href":"https:\/\/api.w.org\/{rel}","templated":true}]}}